greatest common divisor of 1210 and 1078?
22
Calculate the greatest common factor of 1705 and 137764.
341
What is the highest common divisor of 530 and 143560?
10
What is the greatest common divisor of 231 and 215149?
11
Calculate the highest common factor of 159462 and 918.
54
What is the greatest common divisor of 2648 and 2342156?
1324
Calculate the greatest common divisor of 5549 and 1643.
31
What is the greatest common factor of 320 and 233980?
20
What is the highest common factor of 2871 and 2398242?
957
Calculate the highest common divisor of 20234 and 670.
134
Calculate the greatest common divisor of 864 and 3008.
32
What is the highest common factor of 149 and 18923?
149
Calculate the greatest common divisor of 322 and 2323.
23
Calculate the highest common factor of 18 and 2502.
18
What is the highest common divisor of 265844 and 164?
164
Calculate the greatest common factor of 72 and 21432.
24
Calculate the greatest common factor of 7614 and 48.
6
What is the greatest common factor of 24 and 82560?
24
What is the highest common divisor of 34 and 32521?
17
Calculate the highest common divisor of 5198 and 1426.
46
Calculate the greatest common divisor of 116311 and 299.
299
Calculate the highest common factor of 198275 and 200.
25
What is the highest common divisor of 12415 and 1079150?
955
Calculate the greatest common factor of 20352 and 334218.
318
What is the greatest common divisor of 65108 and 8692?
164
Calculate the highest common factor of 393 and 75.
3
Calculate the highest common factor of 597 and 1611303.
597
What is the highest common divisor of 25860 and 860?
20
Calculate the greatest common divisor of 102 and 112846.
34
Calculate the greatest common factor of 1836 and 24732.
108
What is the highest common factor of 7055 and 24140?
85
Calculate the greatest common divisor of 27995 and 1705.
55
Calculate the highest common factor of 41327 and 143.
143
What is the greatest common factor of 1541 and 9179?
67
Calculate the greatest common divisor of 26925 and 180.
15
Calculate the greatest common divisor of 111 and 234.
3
What is the highest common divisor of 13 and 3284?
1
What is the greatest common factor of 416068 and 410?
82
What is the highest common divisor of 237 and 553?
79
Calculate the greatest common factor of 228 and 255056.
76
What is the highest common divisor of 19712 and 2475?
11
What is the greatest common divisor of 333 and 721352?
37
What is the highest common factor of 36924 and 122718?
1086
What is the greatest common factor of 9798 and 217686?
426
What is the highest common factor of 1058 and 161?
23
What is the greatest common divisor of 212 and 87874?
106
What is the highest common factor of 5225 and 53675?
475
What is the greatest common divisor of 2401 and 29?
1
What is the greatest common factor of 960 and 30670?
10
Calculate the greatest common divisor of 16930 and 250.
10
Calculate the highest common factor of 856 and 24.
8
Calculate the highest common divisor of 1431 and 149301.
477
Calculate the greatest common divisor of 148342 and 34.
34
What is the highest common factor of 384 and 228?
12
What is the highest common factor of 13034 and 874?
38
Calculate the greatest common divisor of 7284 and 24.
12
What is the greatest common divisor of 40 and 4805?
5
What is the highest common divisor of 162 and 3798?
18
Calculate the highest common divisor of 6 and 645.
3
Calculate the highest common divisor of 685575 and 2805.
165
Calculate the greatest common divisor of 832 and 864.
32
Calculate the highest common divisor of 355 and 231247.
71
Calculate the highest common divisor of 9600 and 495.
15
What is the highest common factor of 61304 and 10476?
388
What is the highest common factor of 310152 and 216?
24
What is the greatest common factor of 766 and 1661837?
383
What is the highest common factor of 2050 and 71250?
50
Calculate the highest common divisor of 398935 and 345.
115
Calculate the greatest common divisor of 2336 and 26272.
32
Calculate the greatest common divisor of 161 and 48691.
23
What is the highest common divisor of 83 and 3911541?
83
What is the greatest common divisor of 1667853 and 15147?
1683
Calculate the highest common divisor of 6063 and 1833.
141
What is the highest common divisor of 1224 and 6664?
136
What is the highest common divisor of 561 and 8877?
33
What is the greatest common divisor of 600 and 3400?
200
Calculate the highest common divisor of 75393 and 18.
9
Calculate the highest common divisor of 2936 and 388286.
734
What is the greatest common divisor of 140 and 3777340?
140
What is the highest common factor of 128 and 201?
1
Calculate the greatest common divisor of 342 and 26478.
18
What is the greatest common divisor of 859711 and 97?
97
Calculate the highest common divisor of 108772 and 71.
71
What is the highest common divisor of 10 and 739640?
10
What is the highest common divisor of 8957 and 2704?
169
Calculate the greatest common factor of 64536 and 48.
24
What is the greatest common factor of 672273 and 378?
189
Calculate the highest common factor of 186 and 107446.
62
Calculate the greatest common factor of 8697 and 208.
13
What is the greatest common divisor of 366073 and 19?
19
Calculate the greatest common factor of 42141 and 132.
33
What is the greatest common divisor of 49620 and 270?
30
What is the highest common divisor of 5852 and 7876?
44
Calculate the highest common factor of 148814 and 74.
74
Calculate the greatest common factor of 14346 and 4554.
18
Calculate the highest common factor of 4790367 and 108.
27
What is the greatest common factor of 1444 and 1697061?
361
Calculate the highest common divisor of 424 and 4223252.
212
What is the greatest common divisor of 386582 and 14?
14
What is the highest common divisor of 966 and 984998?
322
What is the highest common factor of 3290 and 6956?
94
What is the greatest common factor of 5022 and 72?
18
Calculate the highest common factor of 23314 and 4.
2
Calculate the greatest common divisor of 1636 and 810638.
818
What is the greatest common factor of 6797 and 91?
7
What is the greatest common divisor of 3419 and 1052?
263
What is the greatest common divisor of 13696 and 1424?
16
Calculate the highest common divisor of 24017 and 25991.
329
Calculate the greatest common factor of 5406 and 633.
3
What is the greatest common divisor of 172 and 1934656?
172
What is the highest common factor of 457744 and 488?
488
Calculate the highest common factor of 64 and 3740096.
64
Calculate the greatest common divisor of 176 and 9712.
16
What is the greatest common divisor of 36424 and 28072?
232
Calculate the highest common factor of 2820 and 840.
60
Calculate the greatest common factor of 38170 and 50.
10
What is the greatest common divisor of 688943 and 59?
59
What is the highest common factor of 158 and 382123?
79
What is the highest common divisor of 182 and 57414?
14
Calculate the greatest common divisor of 10750 and 200.
50
Calculate the highest common factor of 8 and 125848.
8
What is the highest common divisor of 1074 and 71242?
358
Calculate the highest common divisor of 69 and 11362.
23
Calculate the highest common factor of 1938 and 15618.
114
Calculate the highest common divisor of 38 and 812820.
38
What is the greatest common divisor of 1967 and 154831?
281
What is the greatest common factor of 7 and 68951?
1
Calculate the greatest common factor of 253 and 374946.
253
Calculate the greatest common factor of 2184 and 16276.
52
Calculate the greatest common divisor of 39278 and 328.
82
What is the highest common factor of 582 and 12270?
6
Calculate the greatest common divisor of 247 and 2071.
19
What is the highest common divisor of 392364 and 12096?
756
Calculate the greatest common factor of 459 and 41364.
27
What is the highest common factor of 56 and 13692?
28
Calculate the greatest common factor of 515 and 103206.
103
What is the greatest common factor of 955808 and 42?
14
Calculate the highest common divisor of 32 and 429808.
16
What is the highest common divisor of 50 and 783050?
50
What is the highest common divisor of 489 and 9384?
3
Calculate the highest common divisor of 84 and 25312.
28
Calculate the greatest common factor of 814 and 22829.
37
Calculate the greatest common divisor of 19